9
1 + 1 + -2 + -10 - (288 - 159 - 232)
93
4 - ((-315 - -304 - (-31 + 1)) + 6)
-21
Calculate (4 - (-8 + 10 + 7)) + 10 - 29.
-24
Evaluate 7 - -1 - (10 + -27 + -12 + 30) - -1.
8
Calculate 3 + -20 + (-29 - (-5 - 47)).
6
Calculate (-14 - -17 - -3) + (-6 - -8).
8
What is -32 - 0 - (-497 - -485)?
-20
-8 + 24 - (9 - -7) - -21 - -53
74
Evaluate (2 - 7) + 57 - (16 - 6).
42
What is (-26 - -26) + (3 - 0 - 5) - (84 + -27)?
-59
What is -23 + 5 + 0 + 1 + -154 + 160?
-11
-1 - (-6 + 6 + 8) - -54 - -1 - -10
56
Calculate (64 - -39) + 0 + -8 + 5 - -16.
116
What is (-1 - -20) + -575 + 553 - -14?
11
What is -75 + (-48 - (-2 - 82))?
-39
Evaluate (-38 + 18 - -16) + (82 - (0 + 3)) - 6.
69
What is -4 - (-2 + -1 + -2 - (-688 - -689)) - -124?
126
Evaluate (-126 - (2 + (-26 - 14))) + 24.
-64
Evaluate -21 - (-45 - (32 + -58)) - (23 + 1 + 0).
-26
What is 2 - ((11 - 35) + 4 + 2)?
20
What is 45 + (-14 - (-10 - (3 - -9)) - 12)?
41
Evaluate 4 + -23 - (20 - -17 - 14).
-42
Calculate 0 - ((0 - -2) + 1) - (-209 + 142 + 57).
7
Evaluate -3 + 26 + 12 + (-106 - -1).
-70
60 + (5 - -1 - (2 - (-6 + 0)))
58
What is (-608 - -577) + -2 + -5?
-38
What is the value of -14 + (-11 - (-3 + -10 - 1)) - -21?
10
Calculate -10 + (9 - 15 - 0) + 11 + 28.
23
Evaluate (-8 - (27 - 10 - 33)) + -2 + 98 - 4.
100
What is 59 - 55 - (1 + -4 - (-9 + 4 + 3))?
5
13 + -4 + -45 + (139 - 86)
17
What is the value of (35 - -19) + -57 + -33?
-36
What is -7 + -19 - (-105 - -90) - -61?
50
What is -46 + (-4 - ((-10 + 23 - 10) + 8))?
-61
What is 62 + (-13 + -2 - 42)?
5
Calculate (-29 + -25 - (-3 - 43)) + 1 + 2 - -102.
97
What is the value of -9 + (-12 + 0 + -20 - -10)?
-31
Evaluate 32 - (84 + -74 + (1 - (2 - 0) - 7)).
30
Calculate (-3 + -97 - (-18 + -32 - -54)) + 11.
-93
What is -4 - ((10 + -13 + 1 - 10) + 2 + -87)?
93
48 + (-34 + 36 - 0) + 2 + 1 - 2
51
Calculate -45 + 38 + (0 - 2 - 8) - -78.
61
1 - -1 - 24 - (69 - 84 - (-1 + -3))
-11
What is the value of 24 - -12 - 54 - 36 - (0 - -8)?
-62
0 + -38 + (155 - 109)
8
What is 0 + 1 + -81 - (-608 + 639)?
-111
Evaluate -3 - (-101 + 105 - -115).
-122
What is 33 - 1 - (-1525 - -1572)?
-15
Calculate (7 - (-4 - 3)) + 0 + 5.
19
Calculate 192 + -49 - (-6 + (-2 - -3) + 16).
132
Evaluate (-4 - -6) + 16 - (271 + -192).
-61
Calculate (-4 - -8) + (1 - 3) - (329 - 335) - -17.
25
Calculate -56 + 50 + -32 - -18.
-20
What is 0 - 21 - 0 - -63?
42
Evaluate 57 + 1 + -2 - (67 - 2 - 76).
67
Evaluate 17 + 50 + -34 - (2 + -1 + -3).
35
What is -1 + -85 + (288 - 121) + -205?
-124
What is the value of (-11 + 2 + 140 + -140 - -14) + -15?
-10
Evaluate (1 - -55) + (3 - (37 - 30)) + -1 + -3.
48
What is the value of 19 - -2 - 23 - (-18 + 7 + 65)?
-56
Calculate 21 + -13 + 13 + (-145 - ((8 - -17) + -13)).
-136
What is 0 + 5 + -8 - 10 - (-391 + 347)?
31
Evaluate 1 - 25 - (-7 + (56 - 63)).
-10
What is -127 + 95 + -9 + 67?
26
Evaluate 3 + -2 + 6 + (65 - -10) + -38.
44
Evaluate (-107 - -90) + 13 + -1 + 1 + 1.
-3
What is -20 + (-7 - -5) + -4 - ((-1 - 11) + 2)?
-16
What is the value of (9 + 0 - -4) + 15 + -20 + -51?
-43
-47 - (-48 - -43) - (14 + -19)
-37
What is 9 - ((-43 - 2) + (21 - 48) + 18)?
63
Calculate 10 + (-89 - 2) + 41.
-40
Evaluate 1433 + -1397 + (8 - 2).
42
Evaluate -237 + 181 + 5 - ((-1 - -1) + 0).
-51
Calculate (-80 - -74) + 1 + 19 - -43.
57
Calculate (-12 + 0 + 1 + 11 - 5) + 14 + -120.
-111
What is (-27 - (-4 + -23) - (-64 - 3)) + -14?
53
Evaluate 16 - 5 - ((2 + (4 - 9) - 0) + -28).
42
What is 12 - 57 - -68 - -3?
26
Calculate 38 - (7 - ((21 + -7 - 5) + -15)).
25
Calculate 70 + (-53 - -3) + -21 + 0 - (-77 - 0).
76
What is -10 + -53 + 52 + (-4 - -1) + 33?
19
Calculate 2 + 21 + (13 - (-10 - -32)).
14
5 + (-7 - -4 - -7) + (22 + -32 - -1)
0
Evaluate 100 + (-13 + 15 - 20) + -16.
66
Evaluate -142 + 152 - (15 - 28).
23
Evaluate (-15 - 23) + -7 + (3 + 1 - 4 - 4).
-49
What is the value of 1 + 23 + -52 + 31 + 30 + -1 + -1?
31
30 + -1 + (-21 - (187 + -229))
50
(1 - -1) + 369 + -271 - 9
91
Evaluate -16 - ((-16 - -2) + (114 - 92)).
-24
-5 - (-12 + (-11 - -17) + (8 - -3) + 5)
-15
What is -3 + 38 + 1 - (-96 - (-187 - -89))?
34
Calculate 2 + (-5 - (-16 - -7) - 6) + -7.
-7
Calculate -11 + -1 + 2 + (-7 + 76 - 25).
34
What is the value of 2 + -1 + (82 - (53 + -26)) + -20?
36
What is the value of (250 - -126 - 351) + -1 + -18?
6
What is 3 - (20 - 8 - -3) - 8?
-20
Evaluate 9 + (81 - (112 + -122)).
100
Evaluate -60 - -48 - (-24 + (-2 - 2) + -10 + 23).
3
What is 1 + 4 + (-1 - (1 + (6 - -3) + 2))?
-8
What is the value of 5 + (39 - (81 + -23)) - -13?
-1
What is -56 - (-94 + (207 - 97))?
-72
What is the value of -157 + 20 + -6 + 13 + 3?
-127
Evaluate -5 + (0 - (0 + (3 - (4 + -10)))).
-14
Evaluate -1 + 1 + (-107 - -60) + 62 + 2 + -22.
-5
Calculate -1 + (8 - (10 + -15 + 13 + (-1 - 35))).
35
Evaluate (533 - 509 - (0 + 1 - -5) - 10) + 76.
84
What is -14 + -27 + 62 + -40?
-19
(-229 - -220) + (5 - (38 - 0))
-42
-103 + -27 + (17 - (-51 - -17))
-79
Evaluate -33 + -85 + 100 + 1.
-17
1588 - 1492 - (4 - -20)
72
What is the value of (-3120 - -3214) + (3 - 12)?
85
What is (-67 - (7 - -2)) + 0 + 36 + -34?
-74
Calculate 125 + -50 + 17 + -73.
19
What is the value of 1 + 12 + -585 + 524 - -20?
-28
Evaluate 98 - (243 + -59 - 93).
7
What is the value of 143 - (-128 - (-244 - -106))?
133
What is the value of 122 + -42 + (2 - 1) + -12 + -2?
67
Calculate -3 + 2 - ((-28 - -73) + -47).
1
Calculate (-1 - 9) + (39 - -4 - 202 - -39).
-130
-1 + 10 - (-89 - -258 - 161)
1
What is the value of -2 + (51 + -25 - 16) - -103?
111
Calculate -7 + -13 + (2 + -4 + -9 - (-27 + 15)).
-19
What is 31 + 0 + (3887 - 3940)?
-22
What is the value of (31 + 2 - 3) + (-1361 - -1384)?
53
Calculate -19 + 3 + 7 + -17.
-26
What is the value of -34 + 27 + 8 + 10 + (-1 - -29) - 12?
27
Calculate -1 + -19 - ((-277 - -72) + 32).
153
Calculate (1070 - 1085) + -27 + (1 - (-4 - -9)).
-46
What is the value of (0 - 46) + 21 + -5 + 22 + -17 + -12?
-37
-36 - -29 - (5 + -28 - 4)
20
Evaluate (-8 - 19) + 20 + -20.
-27
-308 + 304 - ((-45 - (-5 + 3)) + 4)
35
What is 25 + (-79 + -30 - -57)?
-27
Evaluate (-4 - -6) + -2 + -7 + -63 + 74.
4
Calculate 74 - (-2 - -10 - -12) - 19.
35
Calculate -14 + (36 - 53) - -18.
-13
What is the value of (-25 - (-14 - -38)) + 43?
-6
Evaluate -3 - (5 + -128 + -8 + 31 + -17) - -6.
120
Evaluate (27 - (64 + -25)) + 49 + -85.
-48
What is the value of -3 + 4 + -2 - (-498 + 481)?
16
Evaluate 44 - (-54 - (24 + -87)).
35
Calculate 21 + (103 - (-8 + (-37 - -62))).
107
0 + -7 + 2 + (-3 + (72 - 4) - 15)
45
What is the value of -890 + 883 - (77 + 2)?
-86
Calculate -28 + 1 - (-70 + (-77 - -125)).
-5
What is the value of (88 - (-15 + (29 - 6))) + -2?
78
65 - (13 + (-58 - 44))
154
-22 - ((-12 - -38) + -20 - (-57 + -3))
-88
What is the value of -7 + (9 - -31 - 6)?
27
Calculate -63 - (-7 - (-5 - -9) - -5) - 7.
-64
Calculate -10 + (18 - 37) - (-44 + 26) - (43 - -1).
-55
What is -4 + -7 + 23 - (-2 + 38)?
-24
What is the value of (-1 - 20) + (-2935 - -2916)?
-40
43 - 73 - (-16 - (-11 + 8))
-17
-36 + -29 + (78 - -34) + (0 - 1)
46
Evaluate (2 + -42 - 1) + (9362 - 9247).
74
Calculate 734 - 826 - (-10 - 90).
8
What is the value of 10 + ((6 + -6 - 1) + -11 - -1)?
-1
Calculate -36 + (71 + -53 - 14).
-32
82 - (5 - ((7 + 6 + -28 - -8) + 10))
80
What is -15 + -2 + (-155 - -192) + -19 + (2 - 8)?
-5
5 - (5 - -1) - (8 + -1) - (-3 - 8)
3
Calculate -7 + 1 + (15 - 11) + 20 + (12 - -5).
35
Evaluate 313 + -323 + (55 - (-3 + -4)).
52
(-1 - (-8 - -33)) + -153 + 256
77
-57 + -1 + (-5 - (39 + -52))
-50
What is 3 + -75 + ((-19 - -24) + -5 - -7) + -6?
-71
What is the value of -3 - -3 - 62 - (-4264 - -4305)?
-103
Evaluate 36 - (41 - 13) - (0 + -18).
26
16 - (-10 + 5) - ((41 - -92) + -11)
-101
What is the value of -8 + 14 + (0 - 13) - ((54 - 27) + 43)?
-77
Evaluate -1 + 50 + -2 + 4 + 4 + (-120 - -117).
52
What is the value of (35 + -48 - -22 - 27) + 100 + 9 + -1?
90
Evaluate 2 + 2 + 99 + 23 + 5 + -19.
112
What is (38 - (11 + 36)) + 31 - 114?
-92
What is -59 - (-64 + 86 - (6 - -21))?
-54
(14 - 31) + -60 - -31
-46
What is the value of 32 - (-5 + (35 - 55))?
57
1653 - 1661 - ((-119 + 0 - (15 - 11)) + -5)
120
44 + -22 + (-2 - 6) + (33 - 13)
34
-3949 + 3968 + 2 + -61
-40
What is -4 - (-102 + 94 + (24 - 0) + 36)?
-56
What is the value of (106 - 108) + 104 - 115?
-13
(72 - 66) + 3 + (0 - (-6 + 0))
15
Calculate 46 + -45